hat is l(-6)?
17
Let h(s) = -9*s + 13. Calculate h(-6).
67
Let o(c) = -5*c**3 + 2*c**2 + 4*c - 4. Calculate o(2).
-28
Let v(g) = 3*g**2 - 31*g - 23. What is v(11)?
-1
Let i(g) = -g**2 + 14*g + 2. Calculate i(15).
-13
Let w(c) = 2*c**2 + 26*c - 10. Calculate w(-14).
18
Let l(z) = -2*z**3 + 15*z**2 - 8*z + 7. Calculate l(7).
0
Let g(j) = 56*j + 115. Determine g(-2).
3
Let a(b) = -b**2 + 11*b - 14. What is a(10)?
-4
Let u(p) = p**2 - 10. Calculate u(5).
15
Let t(s) = -3*s**3 - 2*s**2 + 1. Give t(-1).
2
Let k(p) = -14*p + 102. Determine k(7).
4
Let l(k) = -k - 3. What is l(7)?
-10
Let w(c) = 2*c**2 + 35*c - 3. Calculate w(-18).
15
Let n(v) = -v**2 + 30*v - 55. Give n(29).
-26
Let r(t) = -t**3 - 6*t**2 + 5*t + 28. Calculate r(-7).
42
Let k(j) = -3*j**2 + 15*j + 5. Give k(6).
-13
Let f(l) = -6*l**2 - 31*l - 1. What is f(-4)?
27
Let a(t) = -t**3 - 6*t**2 - 3*t + 3. Give a(-6).
21
Let i(o) = -3*o**3 - o**2 + 5*o + 1. What is i(-3)?
58
Let j(h) = -h**2 - 9*h + 5. Calculate j(-9).
5
Let v(u) = -5*u + 30. Calculate v(6).
0
Let a(x) = x**2 - 8*x + 2. Give a(6).
-10
Let i(t) = -3*t + 33. What is i(14)?
-9
Let x(q) = 17*q + 17. Give x(-2).
-17
Let u(z) = -8*z - 12. Give u(3).
-36
Let h(z) = z**3 - 11*z**2 + 2. Calculate h(11).
2
Let u(o) = -5*o**3 + 2*o**2 - o + 1. Give u(1).
-3
Let p(y) = -5*y - 21. Calculate p(6).
-51
Let z(k) = -7*k - 21. Calculate z(-1).
-14
Let g(x) = -12*x**3 - 2*x**2 - x. What is g(-1)?
11
Let r(o) = -13*o**2 + 5*o + 1. Determine r(-1).
-17
Let x(y) = y**3 + 6*y**2 - 6*y + 3. Determine x(-6).
39
Let g(t) = 5*t + 36. What is g(-7)?
1
Let m(u) = u**2 - 34*u + 122. Calculate m(4).
2
Let a(g) = -g**3 + 27*g**2 + 28*g - 8. Determine a(28).
-8
Let v(r) = -r**3 - 2. Determine v(3).
-29
Let l(t) = -47*t + 2. Calculate l(-1).
49
Let g(p) = -p**3 - 5*p**2 + 4*p + 20. What is g(-5)?
0
Let w(q) = -5*q - 9. Calculate w(-4).
11
Let j(h) = -h**2 + 16*h - 31. Calculate j(13).
8
Let t(c) = c**3 + 8*c**2 - 10*c + 8. Give t(-9).
17
Let q(l) = l**3 - 9*l**2 + 10*l - 12. What is q(8)?
4
Let k(f) = -f**2 - 32*f - 238. Give k(-12).
2
Let q(s) = s**3 + 29*s**2 - 30*s - 6. Calculate q(-30).
-6
Let q(k) = k**3 + 5*k + 4. Calculate q(3).
46
Let k(y) = 2*y + 49. Determine k(0).
49
Let y(o) = -o**2 - 16*o - 51. Determine y(-12).
-3
Let p(h) = -5*h + 1. Determine p(-2).
11
Let u(a) = a**2 - 6*a - 22. Determine u(-9).
113
Let g(w) = -w**3 - 8*w**2 + 2*w - 10. What is g(-8)?
-26
Let q(w) = w**3 + 5*w**2 - 5*w + 15. Calculate q(-6).
9
Let s(i) = i - 24. Give s(10).
-14
Let j(b) = -8*b - 192. What is j(-18)?
-48
Let b(f) = -3*f**2 - 38*f + 3. Give b(-7).
122
Let j(t) = -4*t**2 + t + 3. Determine j(-3).
-36
Let w(p) = p**3 + 41*p**2 + 43*p + 122. What is w(-40)?
2
Let v(q) = -q**3 + 7*q**2 - 4*q - 1. Calculate v(6).
11
Let s(d) = d**3 - 23*d**2 + 50*d - 161. What is s(21)?
7
Let j(x) = -2*x - 18. Determine j(-11).
4
Let d(q) = -q**2 - 21*q + 14. Give d(-18).
68
Let a(d) = -d**2 - 8*d + 1. Give a(-15).
-104
Let b(g) = -g**2 - 9*g - 1. What is b(-8)?
7
Let x(z) = z**3 + 4*z**2 - 8*z - 9. Give x(-5).
6
Let a(g) = g**3 + 12*g**2 - 2*g - 20. Calculate a(-12).
4
Let b(x) = 3*x - 8. Give b(-3).
-17
Let o(g) = -g - 21. Calculate o(-14).
-7
Let p(y) = 5*y**2 + 6*y - 3. Calculate p(-2).
5
Let u(a) = a**3 + 5*a**2 - 31*a + 58. Determine u(-9).
13
Let f(h) = -16*h - 35. Determine f(-6).
61
Let h(b) = -5*b - 5. Determine h(6).
-35
Let o(r) = r**2 + r - 17. Determine o(7).
39
Let v(t) = -6*t - 15. Calculate v(-10).
45
Let s(u) = 9*u - 79. Determine s(8).
-7
Let o(b) = -2*b**3 - 3*b**2 + 7*b - 6. What is o(-3)?
0
Let u(n) = 4*n - 138. What is u(37)?
10
Let r(w) = w**3 + 7*w**2 + w + 5. Calculate r(-7).
-2
Let o(n) = 3*n**3 + 64*n**2 - 45*n - 27. Give o(-22).
-5
Let h(c) = c**2 - 32*c + 86. Give h(29).
-1
Let x(s) = -s**2 - 57*s - 329. Give x(-51).
-23
Let c(j) = -2*j**2 - 5*j - 3. Determine c(-6).
-45
Let p(h) = 9*h - 28. Give p(3).
-1
Let o(s) = -7*s - 89. Calculate o(-13).
2
Let k(x) = -x - 23. Calculate k(-12).
-11
Let l(u) = -u**3 - 7*u**2 + 7*u. Calculate l(-8).
8
Let a(l) = l**2 + 29*l + 52. Give a(-25).
-48
Let u(j) = -12*j - 12. What is u(0)?
-12
Let s(c) = -3*c - 14. Give s(-3).
-5
Let s(y) = -2*y**2 - 34*y - 21. Determine s(-15).
39
Let l(i) = -2*i**3 - 3*i**2 - 4*i - 19. Give l(-3).
20
Let j(h) = h**2 - 8*h - 26. What is j(12)?
22
Let z(u) = -u**2 - 5*u + 22. What is z(-7)?
8
Let n(q) = -q**2 + 11*q - 11. Calculate n(6).
19
Let s(u) = 63*u + 20. Give s(3).
209
Let k(c) = c**2 - 16*c + 28. Determine k(8).
-36
Let z(f) = -f**3 - 3*f**2 + 2*f + 4. What is z(-3)?
-2
Let w(t) = -t**3 + 15*t**2 - 13*t - 17. Determine w(14).
-3
Let s(y) = y - 3. Give s(3).
0
Let j(i) = 39*i + 695. Give j(-18).
-7
Let a(l) = -l**2 + l. Calculate a(1).
0
Let b(y) = -3*y**2 - y + 3. Determine b(-3).
-21
Let u(i) = -2*i**3 + i**2 + 10. Give u(-3).
73
Let c(g) = g**3 - 4*g**2 + 2*g + 3. Calculate c(4).
11
Let f(j) = -j**3 + 6*j**2 - 2*j - 8. Determine f(6).
-20
Let w(u) = -u**3 + 5*u**2 - 6*u + 3. Calculate w(5).
-27
Let x(s) = 2*s**3 + 3*s**2 - s + 4. What is x(-3)?
-20
Let t(h) = h**3 - 17*h - 2. Calculate t(-4).
2
Let b(p) = p**2 - p + 3. Calculate b(3).
9
Let n(d) = d**3 + 40*d**2 + 75*d - 35. Determine n(-38).
3
Let c(z) = -z**2 - 5*z - 6. Calculate c(-5).
-6
Let i(l) = 2*l + 39. What is i(-20)?
-1
Let i(c) = -c**2 + 4*c + 4. Calculate i(6).
-8
Let z(s) = s**3 + 7*s**2 - 18*s - 1. Determine z(3).
35
Let s(d) = d**2 - 10*d + 11. Give s(11).
22
Let n(p) = -6*p - 17. Determine n(-4).
7
Let h(s) = -2*s - 22. Calculate h(-13).
4
Let u(w) = w**3 + 38*w**2 - 2*w - 81. Determine u(-38).
-5
Let h(p) = 7*p - 15. Give h(-4).
-43
Let z(u) = 15*u + 95. Calculate z(-7).
-10
Let y(s) = s**3 - 5*s**2 - 6*s - 6. Determine y(6).
-6
Let n(t) = -t**3 + 9*t**2 - 6*t + 4. What is n(8)?
20
Let v(p) = -10*p - 134. What is v(-19)?
56
Let o(k) = 77*k**2 - 9*k + 9. Determine o(1).
77
Let m(a) = a**3 - 18*a**2 - 39*a - 19. Calculate m(20).
1
Let t(b) = -b**3 - 17*b**2 - 15*b + 22. Give t(-16).
6
Let j(l) = 2*l - 2. Give j(8).
14
Let y(t) = -t**2 - 3*t + 13. What is y(-5)?
3
Let g(t) = -t**2 - 6*t + 1. Determine g(-5).
6
Let t(u) = -2*u**2 - u - 2. Calculate t(-2).
-8
Let j(w) = -w**2 - 9*w - 8. Give j(-10).
-18
Let q(g) = 17*g + 1. Determine q(2).
35
Let s(q) = -q + 9. Determine s(0).
9
Let l(b) = -2*b**3 + 3*b**2 - 3*b - 1. Determine l(2).
-11
Let y(l) = -l**3 + 22*l**2 - 21*l + 1. Give y(21).
1
Let w(a) = 6*a + 61. Calculate w(-11).
-5
Let a(t) = -t**2 - 15*t + 20. Calculate a(-16).
4
Let w(c) = -3*c + 31. Determine w(16).
-17
Let u(b) = -25*b**2 - 2*b - 1. What is u(-1)?
-24
Let z(t) = t**3 - 7*t**2 - 9*t + 19. What is z(8)?
11
Let o(t) = t**3 - 13*t**2 + 9*t + 23. What is o(12)?
-13
Let p(s) = -47*s**3 - s**2 + 2*s + 2. Give p(-1).
46
Let l(k) = k**3 - 5*k**2 + 6*k + 24. Determine l(4).
32
Let t(h) = 4*h - 24. Calculate t(0).
-24
Let o(b) = -b**3 + 29*b**2 + 66*b - 1076. What is o(30)?
4
Let z(o) = -11*o**2 - 3*o - 2. Give z(-2).
-40
Let y(b) = 4*b - 22. Give y(9).
14
Let j(f) = -f**2 - 5*f + 16. Determine j(-9).
-20
Let j(p) = 7*p - 256. Give j(34).
-18
Let w(t) = -3*t**3 + 2*t**2 + t. Give w(-1).
4
Let c(n) = 4*n**3 - 3*n**2 + 2. Determine c(-1).
-5
Let v(z) = 59*z - 360. Determine v(6).
-6
Let d(n) = -4*n**2 + 18*n - 58. What is d(5)?
-68
Let o(r) = r**3 - 13*r**2 + 26*r - 61. What is o(11)?
-17
Let l(v) = v**3 - 8*v**2 + v + 2. Calculate l(8).
10
Let l(b) = -5*b + 1. Determine l(4).
-19
Let y(n) = 7*n - 8. Give y(6).
34
Let s(i) = -10*i - 8. Determine s(-3).
22
Let o(i) = -i**2 + 2*i + 11. What is o(10)?
-69
Let i(q) = 13*q + 252. What is i(-19)?
5
Let l(s) = -s**2 + 15. Give l(5).
-10
Let b(j) = -j**3 - 7*j**2 - 5*j + 3. Calculate b(-6).
-3
Let v(n) = -n**3 - 25*n**2 - 64*n + 52. Determine v(-22).
8
Let m(b) = b**3 + 15*b**2 + 7. What is m(-15)?
7
Let z(h) = -28*h**2 + 1. Determine z(1).
-27
Let d(n) = 2*n - 25. Give d(16).
7
Let k(j) = 12*j**2 - 22*j + 3. What is k(2)?
7
Let c(d) = d**2 + 7*d - 1. Calculate c(-6).
-7
Let g(q) = q**2 - 6*q + 15. Give g(7).
22
Let v(n) = -n**2 - 3*n + 136. Give v(10).
6
Let z(d) = -35*d + 581. What is z(17)?
-14
Let t(w) = -w**2 + 12*w - 23. Calculate t(7).
12
Let c(u) = 20*u**3 + 3*u**2 + 4*u + 2. Determine c(-1).
-19
Let s(i) = 6*i + 20. Determine s(-2).
8
Let k(z) = -2*z + 